= r, 0 = -2*f - f - 4*r + 2. Calculate p(f).
2
Let i(u) = 3*u - 1. Let g(n) = -7*n + 2. Let t(a) = 6*g(a) + 13*i(a). Determine t(-1).
2
Let k(q) = q**2 + q - 8. Let m be k(-4). Let g(o) = m*o - 3*o + 8 - 3*o - o. Calculate g(6).
-10
Let o(h) be the first derivative of 3*h**4/4 - 2*h**3/3 - h**2/2 + 6. What is o(-1)?
-4
Let y(w) = w. Let m = -20 - -17. Calculate y(m).
-3
Suppose -5*h = -2*h. Let y(q) be the second derivative of q**5/20 + q**4/12 + q**3/6 - q**2/2 - q. Calculate y(h).
-1
Let d = -1 + 4. Suppose -3*l = 2*l + d*n - 6, 0 = -3*l + n + 12. Let k(i) = -2*i + i + i - i + l. Give k(0).
3
Let f(v) = 2*v**3 - v + 2. Let i(o) = -o**3 + o**2. Let r(w) = -f(w) - 3*i(w). Let g be r(3). Let m(c) = -8*c - 1. Calculate m(g).
-9
Suppose -7*q - 8 = -3*q. Let d = q + 5. Let l(x) = -x**3 + 3*x**2. Give l(d).
0
Let j(k) = 0 + 3 - k - 2. Let c(l) = -l**2 - 8*l - 3. Let q be c(-7). Determine j(q).
-3
Let z(l) be the third derivative of l**6/360 - l**4/24 - l**3/3 + 7*l**2. Let n(f) be the first derivative of z(f). What is n(-2)?
3
Suppose 15 = -2*w + 21. Let m(z) = -2*z**2 - z + 2. Calculate m(w).
-19
Let p(c) be the first derivative of -c**3/3 - 2*c**2 + c - 2. Suppose -4 = 3*r - 2*r + 5*d, -4*d = -r + 5. Let z be 2 - r - (2 - -3). Give p(z).
1
Let k(u) = 0*u + 1 - 11*u - 6*u. Calculate k(1).
-16
Let l be (-2)/3*3/(-2). Let x(s) = 4*s - 1. Let g(a) = 7*a - 2. Let k(r) = 3*g(r) - 7*x(r). Calculate k(l).
-6
Let t(g) = -3*g - 1. Suppose -2 = 6*r - 8*r. Give t(r).
-4
Suppose 0 = -0*u + u - 1. Suppose -3*t = l + 4 - u, t + 1 = l. Let q(g) = g**3 - g**2 + g - 2. What is q(l)?
-2
Suppose 0 = -f + 2*f - 2. Let o(u) = -u**f + 0*u**2 + 0*u - 1 + 3*u + 0. Calculate o(4).
-5
Let o(y) be the first derivative of y**6/360 + y**5/24 + y**4/6 + y**3/3 + 1. Let u(a) be the third derivative of o(a). Suppose -4*t = -2*t + 10. Give u(t).
4
Suppose -7 = -g - 0*g. Let r(l) = -2 + 1 + l**3 + g*l**2 + 0 - 4*l**2. Calculate r(-1).
1
Let a(y) = y**2 + 8*y - 4. Suppose -27*u - 99 = -16*u. Give a(u).
5
Let h be 4*4/(8/5). Let b(u) = -u + 13. Let r be b(h). Let l(z) = -z**2 + z + 2. Calculate l(r).
-4
Let u(b) = b**3 - 15*b**2 + 16*b - 30. Let v be u(14). Let x(n) = -4*n - 2. What is x(v)?
6
Suppose 3 - 12 = -3*c. Let w(x) = -2 - 1 + 3 + 5*x + c. Suppose -6 = 3*j, 3*j + 3 = -y - 5. Calculate w(y).
-7
Let x(n) = -4*n**2 + 10*n - 3. Let u(g) = 7*g**2 - 19*g + 5. Let c(w) = 3*u(w) + 5*x(w). Determine c(8).
8
Let v = -11 + 5. Let y = v + 3. Let a(m) = m + 4 - 10 - 2*m. What is a(y)?
-3
Let v(r) = r**2 + 6*r + 1. Suppose -4*n - n = 3*a - 31, 0 = n - 2*a - 1. Let s(y) = -y. Let d be s(n). Determine v(d).
-4
Suppose -4 = -4*s - 8. Let q(k) = -4*k. What is q(s)?
4
Let h = 34 - 18. Let w = h - 14. Let y(r) = 14*r + 1. Let m(t) = 7*t + 1. Let k(u) = -5*m(u) + 3*y(u). Give k(w).
12
Let w(v) be the third derivative of -1/12*v**4 + 0 - 2*v**2 + 1/6*v**3 + 0*v. Determine w(-1).
3
Let p(z) = -11 + z + 11 + 1. Suppose 0 = -n + r - 3, -3*n + 2*n - 9 = -3*r. What is p(n)?
1
Let h be (2/3)/(4/18). Let u(b) = -2*b**h + 3*b**2 - 2*b - 4 + 5 + b**3. Suppose -5*w + 15 = 5*v, -2*v = -4*w + 5*w - 6. Give u(v).
-5
Let d(h) = -3*h - 2. Let j(o) = -o - 1. Let i(b) = b - 14. Let y be i(10). Let a(t) = y*j(t) + d(t). What is a(4)?
6
Let l(i) = -i + 6. Let q = 14 - 14. Suppose -12 = -q*t + 2*t. Calculate l(t).
12
Let z(s) be the second derivative of s**8/6720 + s**7/504 + s**6/240 + 7*s**5/120 - 5*s**4/12 - s. Let x(f) be the third derivative of z(f). Determine x(-5).
-8
Let c(k) be the third derivative of 0*k - 1/24*k**4 + 4*k**2 + 0 - 1/120*k**6 - 1/6*k**3 - 1/20*k**5. Suppose u = -q - 4*q - 11, -5*q - 7 = 2*u. Give c(q).
2
Let x(a) = -a**2 + 5*a + 4. Let r = 3 + 11. Let v = r - 10. Suppose 0 = -j - v*j, 5*j = 3*b - 12. Determine x(b).
8
Let z(p) be the third derivative of p**4/12 - 5*p**3/6 - 2*p**2. Suppose -a + 2*a = 50. Let j be a/12 - (-4)/(-24). What is z(j)?
3
Let n(z) = -3*z + 3. Let p be 2*-3*(-12)/36. Give n(p).
-3
Suppose -5*u + 2*y + 30 = 0, 0*y = u + y - 6. Let z(q) = u + 3*q - 7 - q. Give z(2).
3
Let z(q) = q**2 - q - 1. Suppose -5*w + 9*w - 16 = 0. Suppose 3*o - 2*v + w = -4*v, 3*o - 4*v - 26 = 0. Calculate z(o).
1
Let l(s) = -s**3 + 6*s**2 - 5*s + 5. Suppose -10 = -2*j, 0 = -3*u - u - j + 25. Let r be l(u). Let d(w) = -4 - 2 + r - w + 0. Give d(2).
-3
Suppose 15*c + 6 = 13*c. Let s(n) = 3*n + 2*n**2 - n**2 + 4 + 0*n**2. Determine s(c).
4
Let x(d) = 4*d**3 - 5*d**2 + 3*d - 1. Let j(l) = -l**3 - l**2 - l - 1. Suppose -3*m = 4 + 5. Let f(r) = m*j(r) - x(r). Calculate f(8).
4
Let k(c) = 9*c**2 - 8*c - 9. Let r(n) = 5*n**2 - 4*n - 5. Let m(v) = -6*k(v) + 11*r(v). Give m(-3).
-4
Let v(l) = -l + 1. Let n(h) = h**3 + 5*h**2 - 8*h - 15. Let k be n(-6). What is v(k)?
4
Let h(r) be the first derivative of -r**2 + 3 - 1/3*r**3 - 3*r. Give h(-3).
-6
Suppose 9 = 3*g - 2*v, 5*v - 15 = -5*g + 4*v. Let y(o) = o - 7. Give y(g).
-4
Let k(c) = -4*c**2 - c. Suppose 2*n = -0*n + 2. Calculate k(n).
-5
Let m(h) = 8*h + 1. Let n(o) = 2*o + o + o + 5*o + 1. Let z(t) = -7*m(t) + 6*n(t). Determine z(-1).
1
Let d(y) = -2*y**2 + 4*y - 7. Let q(l) = l**2 + 1. Let n(h) = d(h) + 3*q(h). Let t = 5 - 9. Calculate n(t).
-4
Suppose -5*o = -3*d - 5, 5*d - 16 = 3*o - 3. Let i(y) = 3*y**2 - 5 - 7*y**2 + 0 + 0*y + y**3 - o*y. What is i(5)?
0
Let r(c) be the second derivative of c**3/6 - c**2 - 2*c. Determine r(-3).
-5
Let r(h) = h. Suppose 25*f - 29*f = 24. What is r(f)?
-6
Let i(d) be the first derivative of -d**5/120 - d**3 + 8. Let h(a) be the third derivative of i(a). What is h(4)?
-4
Let l(r) = -2 - 4*r + r + 1. Suppose -3*x - x + p = -23, 0 = -2*x + 5*p + 7. Suppose -q = -0 + 4, -5*o = q - x. Give l(o).
-7
Let h(a) = -a**2 - 17*a - 37. Let t be h(-14). Let p(k) = -k - 2. Determine p(t).
-7
Suppose 0*v - 21 = -3*i + 3*v, -3*i - 2*v + 6 = 0. Let r(n) = -n + 2. Give r(i).
-2
Let a(x) be the third derivative of -x**6/120 + x**5/15 + x**3/3 + 3*x**2. Determine a(2).
10
Let i(o) = o**2 + 5*o - 11*o + o + 2. Determine i(4).
-2
Let m = 115 - 121. Let i(n) = 5 - 1 + n + 4. Give i(m).
2
Let w(q) = 5*q + 2*q + 4 - 2*q**2 + q - 5*q. Give w(4).
-16
Suppose -2*d = 2*d + 3*x + 9, 1 = x. Let q(z) = -6*z. Let h(w) = -5*w. Let i(o) = -7*h(o) + 6*q(o). Calculate i(d).
3
Let u(h) = -2*h + 2. Let v be (6/(-9))/((-2)/15). Suppose 0*d = b + 3*d - 1, -v*b = -3*d - 5. Let f(c) = -1. Let s(k) = b*u(k) - 2*f(k). What is s(5)?
-6
Suppose 3*y - 1 = -4*v - 2*y, 2*v + 3*y + 1 = 0. Let j be ((-2)/v)/(10/80). Let h(s) = s - 1. Calculate h(j).
-5
Let q = 0 - -2. Let m(s) = s - q*s + 3*s - 8 + 17. Calculate m(-6).
-3
Let l(q) = 2*q - 1. Let s(u) = 4*u - 3. Let b(r) = 7*l(r) - 4*s(r). What is b(5)?
-5
Let l(d) = -d**2 + d - 2. Let v be l(2). Let u(q) be the third derivative of 2*q**2 + 0 - 1/60*q**5 + 0*q - 1/8*q**4 + 5/6*q**3. Determine u(v).
1
Let v(t) = t. Let c(h) = -2*h + 5. Let g(d) = -d + 9. Let l be g(4). Suppose l*j - 5*f = -0*f + 5, 2*j = -2*f - 14. Let x(o) = j*v(o) - c(o). Calculate x(0).
-5
Let z(l) = -l**3 + 5*l**2 - 3*l - 5. Let h(m) = 3*m**3 - 10*m**2 + 7*m + 9. Let f(n) = 2*h(n) + 5*z(n). Let k = -63 - -58. Give f(k).
-2
Suppose -2*l + 5 = -l. Let j(r) = l*r - 2*r - 5*r - 1. What is j(2)?
-5
Let w(x) = -x**2 - 2*x - 2. Suppose -5*z + 0 = 4*o - 20, 5*z - 4*o = -20. Suppose -7 = 5*t - 3*f, z = 2*t - 0*f - 3*f + 1. Let k = t + 0. What is w(k)?
-2
Let k(m) = -2*m**2 - 100*m**3 + 3*m**2 + 78*m**3. Calculate k(1).
-21
Suppose 17*t - 8 = 9. Let n(i) = i**2 - i - 1. Let l be n(-1). Let k(p) = -p + l + 0*p + 0. What is k(t)?
0
Let y(o) = -o**2 - o - 3*o - 6 - 4*o. Calculate y(-6).
6
Suppose -8 = 4*b - 24. Let p(k) = k**3 - 5*k**2 - 4*k + 4. Let x(i) = -14 - 2*i**3 - 4*i - 4*i**2 + 18 + 3*i**3. Let r(y) = b*x(y) - 3*p(y). Determine r(3).
10
Let y(n) = n - 1. Suppose g - 31 + 7 = f, 4*g = -2*f + 72. Suppose -2*i - 5*j - g = 3*i, 4 = -i + 2*j. Let l(s) = -s**2 - 4*s + 5. Let m be l(i). What is y(m)?
4
Let j = 2 + -2. Let s(f) = -f**2 - 2*f. Let o(w) = -2*w**2 - 3*w + 1. Let k(i) = 2*o(i) - 3*s(i). Give k(j).
2
Let p(s) be the first derivative of 5*s**4/4 + 11*s**3/3 - 11*s**2/2 + 3. Let j(r) = -4*r**3 - 10*r**2 + 10*r. Let x(n) = -6*j(n) - 5*p(n). What is x(4)?
-4
Let s(g) = -3*g**3 - 4*g**2 - 7*g - 3. Let z(x) = -4*x**3 - 6*x**2 - 10*x - 4. Let l(p) = 